tor of n?
False
Let a(z) = 2*z + 6. Let u be a(7). Suppose -3*x = -u - 22. Does 8 divide x?
False
Let a be (-16)/(-2) + (-8)/(-4). Let m be (-24)/(-15)*a/4. Let f = 11 - m. Does 7 divide f?
True
Let t(d) = -d**3 - 19*d**2 + 15*d + 26. Does 14 divide t(-20)?
True
Suppose 4*m - 8*m + 372 = 0. Is 31 a factor of m?
True
Let t be (2/2)/(1/1). Let x be 3 + 0/((-2)/1). Is (1/x)/(t/39) a multiple of 13?
True
Let i = -1 - -5. Suppose 2*u + 48 = i*u. Does 7 divide u?
False
Let p be (-2)/(-3) - 8/(-6). Suppose 2*z + 13 = 3*z - p*j, 3*z + 11 = -4*j. Suppose 4*r = -z*l + 99, 0*l + 49 = 2*r + l. Is r a multiple of 11?
False
Let w(h) = 23*h**3 - h**2 - 3*h + 2. Let y be w(2). Suppose 3*f + 14 - y = 0. Is 18 a factor of f?
True
Let s(w) = 2*w + 12. Does 10 divide s(14)?
True
Let b(h) = 3*h**2 + 1. Let t be b(-1). Suppose -t*i + o = -0*o - 141, 5*i - 185 = 3*o. Is i a multiple of 15?
False
Let t be (-6)/(-10) + 8/20. Suppose 3*j = 4*i, -17 = 4*j - t. Let a(v) = -v + 3. Is 2 a factor of a(i)?
True
Let n be 5/3*6/2. Suppose 120 = -q + n*q + 4*y, -3*y - 148 = -4*q. Does 17 divide q?
True
Suppose -3*m - 3*q = -6*m - 126, 4*q = m + 39. Let s be (-6)/(-4)*(1 - m). Let j = s - 46. Is 20 a factor of j?
True
Let j(i) = -i**2 - 6*i - 3. Let m be j(-2). Suppose 5*v - 2*k - 2*k = 18, 14 = 2*v - m*k. Suppose -v*r = r + 3*n - 57, 0 = r - 5*n + 5. Does 14 divide r?
False
Suppose 4*h - 92 = -0*h + w, 104 = 5*h - 4*w. Is 12 a factor of h?
True
Suppose 0*q = 3*q - 192. Does 4 divide q?
True
Let n = -19 + 35. Is 8 a factor of n?
True
Let l(k) = 6*k**2 - 2*k - 1. Let x be l(-1). Suppose -3*f - 208 = -x*f. Suppose 2*h - w - f = 0, -h + 2*w = -3*h + 40. Is 8 a factor of h?
True
Let m(w) = -10*w - 17. Does 15 divide m(-11)?
False
Suppose h - 705 = -5*t + 6*h, -4*h - 132 = -t. Is 12 a factor of t?
True
Suppose 2*a = -4*y, 0 = 5*a - 3*a + 8. Let o = y + 3. Let t(p) = p**3 - 4*p**2 - 2*p - 4. Is 7 a factor of t(o)?
False
Let w(m) = -4*m + 2*m + m + 0 + 1. Is w(-9) a multiple of 5?
True
Let b = 185 - 115. Suppose -6*k = -k. Suppose 5*t + k*t - b = 0. Does 6 divide t?
False
Let j(p) = 17*p - 1. Let f be j(1). Is 7 a factor of (f/(-3))/((-4)/6)?
False
Let r(a) be the first derivative of -a**2/2 + 3*a + 1. Does 8 divide r(-5)?
True
Is (-48)/((-15)/10 + 0) a multiple of 7?
False
Let n be (-1)/(0 + (-3)/12). Suppose 0 = 4*v + 15 + 1, -n*c + 4*v + 136 = 0. Is 15 a factor of c?
True
Suppose -4*w + u = -w + 138, w - 4*u = -35. Is 5 a factor of w/(-5) - (-9)/15?
True
Suppose -393 + 79 = -2*s. Suppose -2*h = -5*z - 65, -z - s = -4*h - 0*z. Is h a multiple of 8?
True
Suppose 0*t + 3*t = 84. Suppose t + 32 = 2*b. Is 15 a factor of b?
True
Let s = -122 - -174. Is s a multiple of 8?
False
Let s(c) = -c**2 + 8*c - 5. Let v(x) = -x**2 + 8*x - 5. Let n(m) = -4*s(m) + 5*v(m). Is 6 a factor of n(4)?
False
Suppose 2*j - 47 - 55 = 0. Is 17 a factor of j?
True
Suppose -4*u + 2*u + 108 = 0. Is u a multiple of 22?
False
Suppose 11 = x - 43. Does 9 divide x?
True
Let r(j) = -j**3 + j**2 - j + 31. Let v be r(0). Let g = v - 81. Let n = -19 - g. Is n a multiple of 11?
False
Let t = -156 - -261. Is t a multiple of 15?
True
Is 5 a factor of 45/(-12)*(-32)/12?
True
Suppose 0 = 22*q - 24*q + 240. Does 25 divide q?
False
Let d(l) = l**2 + 6*l + 3. Is 15 a factor of d(-9)?
True
Let a(n) be the second derivative of -n**3/6 + n**2/2 - 2*n. Is a(-7) a multiple of 3?
False
Let k = -4 + 8. Suppose -3*j + 8 = -u, j = -j - k*u + 10. Is 6 a factor of -1*j*(-6)/2?
False
Let v = 14 - 20. Does 15 divide 230/12 - (-1)/v?
False
Suppose 5*o - 4*r = 19, -7*o + 15 = -3*o - 3*r. Suppose 2*v = o*v - 23. Is v a multiple of 6?
False
Suppose 0 = 4*f - 2*c + c - 47, -f = -2*c - 10. Does 12 divide f?
True
Let h = 12 - 4. Does 8 divide h?
True
Suppose -2*w + r = 9, 2*r - 18 = 2*w - 4. Let v(b) = -4*b - 3. Let k be v(w). Suppose -104 = -5*n - 4*j, -k*n - 3*j = 5 - 108. Is 10 a factor of n?
True
Let t(g) be the first derivative of g**3/3 - 2*g**2 - 3*g + 2. Is t(5) even?
True
Suppose 6*r = r. Suppose r = -w + 7 + 15. Is w a multiple of 12?
False
Let p(z) = 2*z**3 - 10*z**2 + 12*z - 24. Is 8 a factor of p(6)?
True
Suppose 2*s - 57 = 4*o - s, 15 = -3*s. Let t be 2*(-2 - (2 + o)). Suppose 4*y - 2*y + 2*n = t, 5*y = -4*n + 74. Is y a multiple of 13?
False
Suppose 2 = -2*f + 4. Let t be (-6)/(-12)*0/f. Suppose 9 = -t*m + 3*m. Is 2 a factor of m?
False
Let t(o) = -6. Let n(u) = -u + 5. Let d(l) = -5*n(l) - 4*t(l). Is 7 a factor of d(3)?
True
Let g(j) = -j**3 + j**2 - j + 9. Let u be g(0). Suppose -4*c = -u*c + m + 33, 0 = 3*m - 6. Does 7 divide c?
True
Let n = 3 - -1. Suppose a = -1 - 1, a - 14 = -n*r. Does 4 divide r?
True
Let u(y) be the second derivative of -13*y**3/6 - y**2/2 - 2*y. Does 6 divide u(-1)?
True
Suppose -4*j + 99 = 3*o, -5*j + o + 2*o + 144 = 0. Suppose -75 = 5*p - 5*z + 5, -3*p - 4*z - 13 = 0. Let l = p + j. Is 8 a factor of l?
True
Let q(p) = -p**3 - 11*p**2 - 10*p - 7. Let l be q(-10). Let d = -2 - l. Suppose 2*n = 4*n - u - 87, 228 = d*n + u. Is n a multiple of 18?
False
Suppose 5*n = -3*h + n + 25, 1 = -5*h + 4*n. Suppose -h*r + 99 = 33. Let o = -9 + r. Is o a multiple of 11?
False
Let g(k) = -173*k**3 - k. Let f be g(1). Is 4 a factor of 2/5 + f/(-15)?
True
Let d(h) = 15*h**2 - h. Let t be d(-1). Suppose 4*j + 4*m + t = 3*j, 3*j + 2*m = 2. Suppose k - j*k = -60. Is 8 a factor of k?
False
Let z be (1 + 1)*99/6. Let v = 75 - z. Is 16 a factor of v?
False
Let m(d) = -d + 11. Let s be m(0). Let f = s + 23. Is 17 a factor of f?
True
Let z(y) = y**3 - 5*y**2 - 6*y + 2. Let h be z(7). Suppose 5*l - 38 = -u, 0*u - 3*u - l = -h. Is u a multiple of 9?
True
Is 11 a factor of (-4)/(12/3) + 24?
False
Suppose -4*g + 8 = -2*y, -4*g = 3*y + g - 43. Is 5 a factor of y?
False
Suppose -123 = -6*f + 3. Is f a multiple of 10?
False
Let p(t) = 81*t**2 + t - 1. Suppose 6*n = 5*n + 1. Does 27 divide p(n)?
True
Let v = 20 - -23. Let x = v + -5. Does 16 divide x?
False
Suppose 5*o + l - 24 = 0, -5*o - 3*l = -43 + 11. Let i(c) = 2*c**2 - 4*c + 1. Is i(o) a multiple of 9?
False
Suppose 0 = -3*r + 6*r - 15. Does 3 divide r?
False
Let q = 16 + -1. Does 7 divide q?
False
Let m = -2 + -59. Let q(y) = 15*y + 2. Let l be q(6). Let b = m + l. Is 13 a factor of b?
False
Suppose 18 + 14 = -2*k. Let t = 26 + k. Is 5 a factor of t?
True
Let o = 73 - 10. Is 5 a factor of o?
False
Let b(n) = 2*n. Let x be b(6). Let v = x + 2. Does 14 divide v?
True
Let j(d) = -4*d + 4. Let n be ((-8)/3)/((-2)/(-6)). Is 12 a factor of j(n)?
True
Suppose -3*s + 34 + 98 = 0. Suppose 2*n + s = 4*n. Does 14 divide n?
False
Suppose 4*u + 10 - 254 = 0. Is 17 a factor of u?
False
Suppose -180 = 2*w - 4*w. Is 30 a factor of w?
True
Let n = 44 - 21. Does 5 divide n?
False
Suppose -3*i + 17 + 358 = 0. Is 25 a factor of i?
True
Let l = -188 - -323. Is l a multiple of 8?
False
Let s(g) = -49*g - 5. Is s(-3) a multiple of 16?
False
Suppose 2*m - 3 = 3. Suppose -m*w - 4 = -61. Is 19 a factor of w?
True
Let k be 12/(-54) - (-119)/9. Suppose 3*z - k = 20. Does 11 divide z?
True
Let n(r) = r**3 + 3*r**2 - 5*r - 2. Let w be n(-4). Suppose 0*z - w*z + 2*i + 20 = 0, 0 = -3*z - 2*i + 20. Is 4 a factor of z?
True
Suppose -3*c + 156 = 5*p - 3*p, 4*c - 4*p - 228 = 0. Does 27 divide c?
True
Suppose -5 = b - 1. Let a(h) = 2*h**2 + h - 4. Let l be a(b). Let x = l + 11. Is x a multiple of 15?
False
Let p(o) = 121*o + 4. Let x(l) = 1. Let b(i) = -p(i) + 5*x(i). Let v be b(1). Does 10 divide v/9*(-9)/6?
True
Let c = 7 + -4. Suppose c*q + 38 = -25. Is 13 a factor of q/(0 - 1) + 0?
False
Let q = 50 - 26. Is 12 a factor of q?
True
Let c = -4 + 7. Suppose 4*i - 14 = -c*k, 5*k + 2 = -4*i + 20. Suppose 0 = 2*l - 2*w - 54, w - 4*w - 51 = -k*l. Does 11 divide l?
False
Suppose -i - 4*f - f + 205 = 0, 5*i = 2*f + 890. Does 25 divide i?
False
Let m(z) = z**3 - 10*z**2 + 12*z + 3. Let t(y) = -y**2 - 8*y + 2. Let k be t(-7). Is 10 a factor of m(k)?
True
Suppose 2*j + 0*y + 3*y - 81 = 0, 0 = 4*j + 5*y - 167. Does 16 divide j?
True
Let n be -10*(0 + 3/(-6)). Suppose -n*s - 35 = -140. Is 6 a factor of s?
False
Let z(q) = 2*q**3 - 7*q**2 - 8*q - 16. Is z(7) a multiple of 68?
False
Let u = 12 - 3. Suppose -3*z = -u + 33. Let m(c) = c**2 + 5*c - 9. Does 13 divide m(z)?
False
Is (-7)/(70/12)*-30 a multiple of 13?
False
Let q be (